0100000011100
In base 16, what is -c3 - -51c3f?
51b7c
In base 13, what is a9 - 665b7a?
-665aa1
In base 7, what is 3425122056 + 0?
3425122056
In base 2, what is 10110101 - -1011000000110011010?
1011000001001001111
In base 2, what is 100101110100011011101011111 - 0?
100101110100011011101011111
In base 12, what is -4 - 26736b?
-267373
In base 11, what is 268 - -200a609?
200a876
In base 2, what is -11101110111010010011110 + 10?
-11101110111010010011100
In base 7, what is -364322 - 404?
-365026
In base 3, what is 1102222 - -2012220?
10122212
In base 15, what is -95e - -844e?
79e0
In base 15, what is bc5e13 - 2?
bc5e11
In base 10, what is -69055 + 1081?
-67974
In base 7, what is -12434326 - 16?
-12434345
In base 2, what is 1011001110001010110010 + -10?
1011001110001010110000
In base 10, what is -68694 - 5246?
-73940
In base 8, what is -23154 - 566?
-23742
In base 15, what is 6b01 + -233?
68bd
In base 10, what is 17922881 + 4?
17922885
In base 4, what is -3 - 22111100212?
-22111100221
In base 7, what is -1664111246 - 3?
-1664111252
In base 13, what is -5a3b332 - 15?
-5a3b347
In base 10, what is -7594847 + 8?
-7594839
In base 12, what is -209a695 - 2?
-209a697
In base 7, what is 2255604054 - 2?
2255604052
In base 2, what is 11 - -100001110100110001111111?
100001110100110010000010
In base 6, what is -240434 + -1045?
-241523
In base 9, what is 2 - -260476?
260478
In base 4, what is 23122 - 231130012?
-231100230
In base 12, what is 115aa + 3848?
15236
In base 11, what is 19 - -48813022?
48813040
In base 12, what is -b + -21a82845?
-21a82854
In base 2, what is 1010 - -100100010100101010001111010?
100100010100101010010000100
In base 14, what is 65c10 + -27?
65bc7
In base 6, what is -15211330 - -54?
-15211232
In base 2, what is -1100111100010000 - -101110011101000?
-111001000101000
In base 8, what is 5 + -421646?
-421641
In base 2, what is 1100111001101000011111011 + 0?
1100111001101000011111011
In base 15, what is -27ac + 72b5?
4a08
In base 5, what is -201400024 - -444?
-201344030
In base 9, what is 66 + 2156250?
2156326
In base 9, what is -12514 + -37?
-12552
In base 2, what is -1110 - 1011010000011110111?
-1011010000100000101
In base 10, what is 66 - -2076844?
2076910
In base 13, what is -4054 + -3a33?
-7a87
In base 2, what is -10011101110001101011 - 1?
-10011101110001101100
In base 7, what is 3501413 + -11?
3501402
In base 8, what is -662265 - -14?
-662251
In base 2, what is 10 + -101011000010101011111101?
-101011000010101011111011
In base 4, what is 202211 + 211303102?
212111313
In base 10, what is 519 + -3613?
-3094
In base 2, what is 10011011001000001000011 + 11010?
10011011001000001011101
In base 14, what is 38 - 42226?
-421cc
In base 2, what is 11010011000010 - 110000000000?
10100011000010
In base 8, what is -50600035 + -20?
-50600055
In base 13, what is -3a38 + -32a45?
-36780
In base 7, what is -25160140 + 5?
-25160132
In base 6, what is -3503 - 2012512?
-2020415
In base 7, what is 1536 - -1045612?
1050451
In base 5, what is 1434124144 - 1?
1434124143
In base 8, what is 257243601 - -2?
257243603
In base 10, what is -2929556 + -152?
-2929708
In base 13, what is c40 - 198a?
-a4a
In base 9, what is -13 - -25553753?
25553740
In base 3, what is 1001021012202010 - 21?
1001021012201212
In base 3, what is -12110022110201 - -12?
-12110022110112
In base 12, what is -7bb3 + -1418a?
-20181
In base 15, what is 92ee - -1002?
a301
In base 11, what is -2463492 - -58?
-2463435
In base 10, what is 3008 - -11420?
14428
In base 3, what is 121 + -1211012001011022?
-1211012001010201
In base 2, what is 10 - 1101100111100101111110110?
-1101100111100101111110100
In base 3, what is -10001 + -10020222012?
-10021002020
In base 7, what is -13030 - -3634?
-6063
In base 3, what is -21011022221122 + -20?
-21011022221212
In base 3, what is 1112201001112 - 122?
1112201000220
In base 16, what is -3 - -21d96d?
21d96a
In base 10, what is -21 + 10712401?
10712380
In base 4, what is 2013 + -301313223?
-301311210
In base 10, what is 5741 + -2677?
3064
In base 14, what is -5ba9 + -95cd?
-11398
In base 9, what is 10 + -362685?
-362675
In base 3, what is -10212110101102210 - 22?
-10212110101110002
In base 15, what is -1b76e52 - -c?
-1b76e45
In base 7, what is 21234060 - -4?
21234064
In base 3, what is -2011 - 201010011011?
-201010020022
In base 8, what is -627336 + 164?
-627152
In base 15, what is 13e80c - 5?
13e807
In base 16, what is 1064cce + -4?
1064cca
In base 11, what is a0202 + -85?
a0128
In base 11, what is -3399a + -2a?
-33a19
In base 14, what is -c406 + -61b?
-ca23
In base 9, what is -373201 - 117?
-373318
In base 10, what is -180688574 - -1?
-180688573
In base 5, what is 10 - -314113411113?
314113411123
In base 16, what is -1 - 1d5914?
-1d5915
In base 9, what is 458537 + -62?
458465
In base 14, what is 2ba36b2 - -2?
2ba36b4
In base 9, what is -2532 - 6442?
-10074
In base 13, what is 5 - -128862c2?
128862c7
In base 13, what is -14573 - -1a?
-14556
In base 12, what is -1308 + -21072?
-2237a
In base 2, what is -10100010011 - -11001010010100000?
11000111110001101
In base 7, what is 2621546 + 21?
2621600
In base 16, what is -1094 + 2ce?
-dc6
In base 14, what is ad + -109ab?
-108dc
In base 12, what is -1076b - 34?
-107a3
In base 3, what is 10 + -100101122101101?
-100101122101021
In base 10, what is 878642 + -31?
878611
In base 14, what is 7886790 - 7?
7886787
In base 5, what is -1110413134 + -3?
-1110413142
In base 10, what is 4 - -140254657?
140254661
In base 2, what is 1010101011111011 + -1111101?
1010101001111110
In base 6, what is 241010124 - -4?
241010132
In base 7, what is -5622606234 + -5?
-5622606242
In base 5, what is -1232241401 - -1314?
-1232240032
In base 14, what is -d6 + -b989c?
-b9994
In base 12, what is -205672 - -a3?
-20558b
In base 7, what is 125 + 1335603?
1336031
In base 8, what is 4652346 + 0?
4652346
In base 11, what is 784325 + -1?
784324
In base 9, what is 74861586 + -1?
74861585
In base 13, what is 3 + 4c01903a?
4c019040
In base 14, what is -3 + -954dcc2?
-954dcc5
In base 9, what is -1830 + -250426?
-252356
In base 16, what is -17c - -18cd?
1751
In base 8, what is -1 - -34733377?
34733376
In base 12, what is -9591120 - -7?
-9591115
In base 10, what is 20335615 - 1?
20335614
In base 7, what is -11 - -22264540?
22264526
In base 15, what is 1da0ad - -2?
1da0b0
In base 5, what is -440 - -413140?
412200
In base 8, what is 106 + -254222?
-254114
In base 2, what is 110 + 10011110110001110000101010?
10011110110001110000110000
In base 14, what is 23601 + -2?
235dd
In base 7, what is 111442 - 102041?
6401
In base 5, what is -10113111330 - 1?
-10113111331
In base 4, what is 10 + -102231200203?
-102231200133
In base 9, what is 74 - -2315808?
2315883
In base 4, what is -10 - -20311331122?
20311331112
In base 5, what is -304041020 + -4?
-304041024
In base 16, what is -10 + 38010?
38000
In base 12, what is -2a3 - 698?
-97b
In base 16, what is -11 + -d84cb?
-d84dc
In base 6, what is -42134111311 + -4?
-42134111315
In base 12, what is 30b7344 + 31?
30b7375
In base 5, what is -4212 - 4103214?
-4112431
In base 2, what is 101 - -10010001010000001111100010000?
10010001010000001111100010101
In base 7, what is 4656664 - 0?
4656664
In base 3, what is -2201100 - 1112211?
-11021011
In base 4, what is -13 + 10131103200303?
10131103200230
In base 9, what is -2 - 45362180?
-45362182
In base 5, what is 3 - -13131100413?
13131100421
In base 8, what is -11 + 22147176?
22147165
In base 8, what is -614454565 - 4?
-614454571
In base 16, what is 19100 - -1447?
1a547
In base 3, what is 12210111020 + -120?
12210110200
In base 4, what is 0 + 21231022310?
21231022310
In base 2, what is 10111010100011 + 1101010011101?
100100101000000
In base 9, what is -70004 - -348?
-68545
In base 13, what is 2a52 - -485?
3207
In base 2, what is 100111010111010101100100010 - -1000?
100111010111010101100101010
In base 12, what is 98088b9 + -4?
98088b5
In base 3, what is -1001212021211102 + -1?
-1001212021211110
In base 10, what is -1086936 + 10?
-1086926
In base 15, what is 4 - -30b44ed?
30b4502
In base 3, what is -122122010102 + -20102220?
-122212120022
In base 15, what is 0 - ca5a1e?
-ca5a1e
In base 14, what is 79 - 13cbd8?
-13cb5d
In base 15, what is -3a8 + -12701?
-12aa9
In base 4, what is -10132133220012 + 